n q is divided by 18?
12
Let n(z) = -316*z - 177. Calculate the remainder when 372 is divided by n(-1).
94
Let w(u) = 4*u**2 - u - 4. Suppose -i + 31 + 62 = 4*q, -2*q - 5*i + 69 = 0. Suppose 155 = -q*h + 27*h. Calculate the remainder when w(5) is divided by h.
29
Suppose 76*s - 71*s = 480. What is the remainder when 179 is divided by (s/120)/(4/70)?
11
Let k(u) = 9*u**2 - 132*u - 63. What is the remainder when k(16) is divided by 11?
8
Suppose -2*p - 37 = -319. Let l = 291 - p. What is the remainder when l is divided by 26?
20
What is the remainder when 529 is divided by 2824/48 + (3 - 68/24)?
57
Let m = 1043 - 2277. Let r = m - -841. Let p = -186 - r. Calculate the remainder when p is divided by 42.
39
Suppose 0 = 2*q + 2, 0*a + a - q - 63 = 0. Let f = a + -58. What is the remainder when f is divided by 3 - 1/(-1 - -2)?
0
Suppose 2*w = -y + 11, 3*y = -3*w + 6 + 3. Let s(m) = -2*m**2 - 5*m - 6. Let k be s(-4). What is the remainder when 33 is divided by ((-20)/w - -2)*k?
6
Let r(w) = w**3 + 72*w**2 - 3*w - 156. Calculate the remainder when 348 is divided by r(-72).
48
Let o(m) = 23*m**2 + 4*m - 46. Calculate the remainder when 16683 is divided by o(2).
51
Suppose 10*g = 1007 - 5927. Let j = 711 + g. What is the remainder when j is divided by 10?
9
Let t = 2023 - 1480. Calculate the remainder when t is divided by 17.
16
Let z(f) = f**2 - 19*f + 8. Let d be z(11). Suppose -24 = -4*h + 4*c, 0*c = 5*h + c - 54. Calculate the remainder when h is divided by (-220)/d + 2/8.
1
Let l(n) = -4*n - 78. Let j = -133 + 134. Let m be (8/(-12))/(j/((-75)/(-2))). Calculate the remainder when 61 is divided by l(m).
17
Suppose -5*w - 10*q + 8*q + 154 = 0, 6 = 3*q. Suppose 2*r = 3*x + 152, 5*x - x + 308 = 4*r. Calculate the remainder when r is divided by w.
19
Let f(r) = -r**3 - 3*r**2 + 6*r - 1. Suppose -3*d + 28 + 89 = -42. Calculate the remainder when d is divided by f(-5).
15
Suppose l - 25 = 4*u, 3*l + 38 = 5*l - 2*u. What is the remainder when 221 is divided by l?
0
Calculate the remainder when ((-4 - 1)*(2 - -3))/((-398)/11144) is divided by 198.
106
Suppose 4*d + 2*z = 36, 4*d - 7*d + 5*z + 40 = 0. Let u(n) = 2*n**2 - 14*n - 51. Calculate the remainder when 11 is divided by u(d).
2
Let l be (-5 + 16)*(-8)/4. Let y = -20 - l. Suppose -2*v = 3*u - 56, 4*v - y*u = -v + 102. What is the remainder when v is divided by 13?
9
Suppose -38*v + 3580 = -10*v - 13948. What is the remainder when v is divided by 55?
21
Suppose 0 = -5*v + 65*y - 70*y + 70, 5*y + 20 = 4*v. Suppose 5*l = -25, 5 = 5*u - l + 6*l. Calculate the remainder when 57 is divided by (u/v - (-1071)/340)*8.
27
Let g(f) = 91*f**2 + 6*f - 4. Let r be g(2). Let m = r - 352. What is the remainder when 36 is divided by m?
16
Suppose -6 = -6*z + 48. Suppose 2*x = z - 1. Calculate the remainder when x/(4 + 4)*44 is divided by 12.
10
Let a be (251*(-2)/10)/(5/(-25)). Let c = -243 + a. Let l = 50 + -19. What is the remainder when l is divided by c?
7
Let m = -21997 + 23761. What is the remainder when m is divided by 196?
0
Let x(z) = 3*z**2 + 29*z + 69. Let w(t) = -2*t**2 - 29*t - 67. Let j(q) = -4*w(q) - 3*x(q). What is the remainder when j(26) is divided by 18?
13
Let l = 8487 + -8376. What is the remainder when 998 is divided by l?
110
Let s = -24 - -1144. Calculate the remainder when s is divided by 39.
28
Let t = 2 + 12. Let y = 103 + -67. Calculate the remainder when y is divided by t.
8
Let l(v) = 3*v + 1. Let b(y) = 2*y. Let u(s) = 5*b(s) - 4*l(s). Suppose -16*m + 83 = -637. Calculate the remainder when m is divided by u(-8).
9
Suppose 0 = -24*u + 4*u + 140. Let q = 16 + u. Calculate the remainder when 66 is divided by q.
20
Let f(r) be the second derivative of 4*r**3/3 - 9*r**2 - r. Let p be 6/15 - (11 - (-913)/(-55)). Calculate the remainder when 57 is divided by f(p).
27
Suppose -59*m = 51*m - 11*m - 18216. Calculate the remainder when m is divided by 66.
52
Suppose 4*q = -4*r - 44, 4*r + 28 - 75 = 3*q. Let f(u) = -u**3 - 14*u**2 - 10*u + 45. Calculate the remainder when f(q) is divided by 2.
0
Let q(l) = -l**3 - 2*l**2 + 4*l - 1. Let v be q(-3). What is the remainder when ((-434)/(-28))/(7/(-70) + 6/10) is divided by (1 - 10/v)*2?
3
Let i be (-18)/36 - ((-115)/2 - -1). Let o = -5 - -2. What is the remainder when 68 is divided by 1296/i - o/(-21)?
22
Suppose -3*z - 119 = -989. Let j = z + -162. Let f = j + -69. What is the remainder when f is divided by 10?
9
Suppose -31*b = 79*b - 14630. What is the remainder when 3186 is divided by b?
127
Let u(a) = -a**3 - a**2 - a + 44. Suppose -20*f + 13*f + 1533 = 0. Let b = -196 + f. What is the remainder when u(0) is divided by b?
21
Suppose 2*x - 14 = 5*f - 3, 4*x + 2*f = 10. Let d(t) = -3*t**2 - 7*t + 10*t + x*t**2 + 4*t**2 + 3. What is the remainder when d(-1) is divided by 1?
0
Suppose 3*d + 9 = -3*x, 0*x + 13 = 4*x - d. Suppose 2*m = a - 40 - 191, -5*m = x*a + 564. What is the remainder when -4 - m/30 - 106/(-5) is divided by 4?
1
Suppose -3*y + 310 = -140. Let m = -14463 + 14644. Suppose -7*u + m = 4*s - 8*u, 0 = -3*s - 4*u + y. What is the remainder when s is divided by 16?
14
Suppose 832 = 173*i - 3071 + 962. Calculate the remainder when 474 is divided by i.
15
Let u(m) = 2*m**2 + 2*m**2 - 5*m - 3 + 2*m. Let j = -1643 + 1652. What is the remainder when u(3) is divided by j?
6
Let p(s) = -51*s + 1054. What is the remainder when p(6) is divided by 195?
163
Let u(q) = 3*q**2 + 154*q - 596. Suppose 0 = -0*k - k - 5*d + 31, 2*k - d = 7. Suppose 0 = -k*n + n + 130. What is the remainder when u(4) is divided by n?
16
Let s = -1797 - -1978. What is the remainder when s is divided by 1/4 + 549/12 + 0?
43
Suppose 2*u - 7 = 3*v, 0 = 2*u - 2*v - 90 + 78. Calculate the remainder when 2934 is divided by u.
8
Let b(a) = 2*a + 4. Let m(v) = 112*v - 228. Let x(u) = 16*b(u) + m(u). Calculate the remainder when x(3) is divided by 16.
12
Let i = -6568 - -6613. What is the remainder when 579 is divided by i?
39
Suppose -179 = 3*h - 176, 32 = 3*t + h. What is the remainder when 504 is divided by t?
9
Suppose -7*p - 70 = -91. Suppose -4*k = 0, 0 + 10 = d + p*k. What is the remainder when 75 is divided by d?
5
Let h = 18581 - 18485. Calculate the remainder when 251 is divided by h.
59
Let u be (9/15)/((-5)/(-219 + -6)). Let g(b) = -2*b + 91. What is the remainder when 147 is divided by g(u)?
36
Let l be (-2)/5*35/14 - 71. Let d be (-6)/21 - l/7. What is the remainder when 56 is divided by d + 1 + (-4)/(-1)?
11
Let q(s) = s**3 - 18*s**2 + 13*s + 164. What is the remainder when 476 is divided by q(17)?
92
Let c(m) = m**3 - 12*m**2 - 3*m - 164. Let r = -234 + 248. What is the remainder when c(r) is divided by 49?
39
Suppose 6*t + 1 = 7*t. Calculate the remainder when t is divided by 126/140 + 2/20.
0
Let d(w) = 47*w + 4. Let y be d(-6). Let x = -227 - y. What is the remainder when 253 is divided by x?
49
Suppose 10*o - 159 = -49. Suppose 6*u - 15 = o*u. What is the remainder when 0/((2 + u)/1) + 85 is divided by 22?
19
Let d be 4/(-6) - (-10)/15. Suppose -15*y + 329 + 16 = d. What is the remainder when 114 is divided by y?
22
Suppose -4*x + 0*p = p + 137, -3*x - 102 = p. Let a(h) = -9*h**3 - 4*h**2 - 2*h + 1. Calculate the remainder when a(-2) is divided by 12/(-20)*x*1.
19
Let r(c) = c**3 + 4*c**2 - 2. Let p be (-3 - -1)/(((-3)/5)/3). Suppose -p = -0*z + 5*z. Calculate the remainder when 9 is divided by r(z).
3
Let y(i) = 3*i**2 - i. Let l be y(-1). What is the remainder when (680/510)/((-1)/(-36)) - 3 is divided by (-8)/(-1 + 2/l)?
13
Let s = 295 + -142. Suppose -9*u = 11*u - 3095 + 675. Let g = s - u. Calculate the remainder when g is divided by 13.
6
Let m(r) = -r**3 + r**2 - r + 47. Suppose -4*u + 2*d = -6, -d = -3*u - 2*u + 3. Suppose u = 3*x - 23 - 49. What is the remainder when m(0) is divided by x?
23
Let s = -61 - -29. Let h = -34 - s. Calculate the remainder when (0 + 2)/h*-67 is divided by 14.
11
Suppose 8*c - 61 = 3. Let k(d) = -2*d**3 - d. Let x be k(-5). Calculate the remainder when ((-3)/9)/((-5)/x) is divided by c.
1
Let y = 190 + -116. Calculate the remainder when ((-225)/(-50))/(-9)*-292 is divided by y.
72
Suppose 2*f + 56 = 4*i, 4*f = 4*i - 18 - 42. What is the remainder when i is divided by (-1725)/(-414) - (46/(-12) + 3)?
3
Let q be 1 + ((-5)/15 - 